*(-8)/40. Suppose -d + 0*d = -2*a - 1440, -5*d + 7228 = j*a. What are the prime factors of d?
2, 19
Suppose 0 = 23*g - 6*g - 306. List the prime factors of 11195/30 - -3*(-1)/g.
373
Suppose 3*w - 35503 = -4*f, -17*f + 11841 = w - 14*f. What are the prime factors of w?
3, 3943
Suppose -2826589 = -27*o - 75*o + 590717. What are the prime factors of o?
33503
Suppose 904 = 40*v + 144. Suppose 0 = 3*w - 2*w - 57. Let q = w - v. List the prime factors of q.
2, 19
Suppose -u + 16 = 2*a - 2*u, -3*a + 2*u + 23 = 0. Suppose a*k = k - 120. Let y = k + 66. List the prime factors of y.
3, 17
Suppose -9*n - 1431 = -0*n. What are the prime factors of (-3 + n)/((-3)/18)?
2, 3
Let u be 24/15*-1*(-10)/2. Let s = 10 - u. Suppose 3 = s*i - 55. List the prime factors of i.
29
Let w(p) = -197*p - 86. Let f be 4/((-77)/21 - -3). What are the prime factors of w(f)?
2, 137
Let i(o) be the third derivative of 5*o**5/24 + o**4 - 2*o**3/3 + 29*o**2. Let b(k) be the first derivative of i(k). List the prime factors of b(6).
2, 3, 29
Let w(m) = 37*m**2 + 39*m + 375. List the prime factors of w(-12).
3, 5, 349
What are the prime factors of -110*(19481/(-616))/((-1)/(-20))?
5, 11, 23
What are the prime factors of (-592)/2072 + 10740/7?
2, 13, 59
Let r = 2193 - 1057. Let w = r + -656. What are the prime factors of w?
2, 3, 5
Let v be 2770/15 + (-1)/(-3). Suppose 0 = 4*u + 3*d + 405, -3*u = 3*d - 4*d + 320. Let c = u + v. List the prime factors of c.
2, 5
Let d = 7648 - -28049. What are the prime factors of d?
3, 73, 163
Let o be -2 + 16/(-12)*-15 + 3. Suppose -w + 63 = 5*u, o*u - 17*u = w - 54. What are the prime factors of w?
2, 29
Suppose 5*v - 3175 = -5*t + 2115, 3*t + 12 = 0. List the prime factors of v.
2, 3, 59
Let l = 74 + -590. List the prime factors of l*((6 - 9) + 15/6).
2, 3, 43
Let i(u) = 4*u**2 - 7*u - 9. Suppose -3*p + 2 - 17 = 0. Let r be i(p). Let y = r - 75. List the prime factors of y.
3, 17
Suppose 111*p + 17766 = 3*l + 114*p, -4*l + 4*p = -23656. List the prime factors of l.
2, 11, 269
Suppose 5*h + 4 = 19, 0 = f - 2*h - 5. Suppose -15*p + 76 = -f*p. Suppose -168 = 16*x - p*x. What are the prime factors of x?
2, 7
Let v = 221 + -381. Suppose -5*q + 1582 = 3*n + 367, -3*q = -3*n - 705. Let s = v + q. What are the prime factors of s?
2, 5
Let t be -16 + 13 + 2 + -1. Let z = 4 + t. Suppose -z*l - 2*d - 66 = -200, -l = 4*d - 58. List the prime factors of l.
2, 5, 7
Let g = -36397 + 63095. List the prime factors of g.
2, 7, 1907
Suppose -4*a + 5*l - 191 = 2*l, 2*a + 3*l + 109 = 0. Let n = -40 - a. List the prime factors of n.
2, 5
Suppose -248*o = -127*o - 123*o + 32206. List the prime factors of o.
16103
Suppose 0 = -4*j + 7*j - 4*d + 1115, -1 = d. Let r = j + 1074. List the prime factors of r.
701
List the prime factors of 70 + 10108 - (-1)/(-1).
10177
Suppose -q - 4*i + 57300 = 0, -3*q - 968*i = -967*i - 171834. List the prime factors of q.
2, 3, 37, 43
Suppose 13*u = -5*r + 9234, -u - 5*r + 714 = -4*r. Let h(m) = m**3 + 5*m**2 + 2*m - 3. Let k be h(-4). Suppose -g = k*g - u. What are the prime factors of g?
2, 59
Suppose -3*p = -12, 10*v + 2*p + 6128 = 12*v. List the prime factors of v.
2, 13, 59
Let r(a) = 5*a - 26. Let h = 17 + -7. Let b be r(h). Suppose -17 = 5*l - 2*g - 57, -3*l + b = 4*g. List the prime factors of l.
2
Suppose 4*c - 16068 = 10572. What are the prime factors of c?
2, 3, 5, 37
Suppose 4*b = 5*b + 73. Let i = 108 + -185. Let t = b - i. List the prime factors of t.
2
Let o(n) = -108*n**2 + 3*n - 8. Let b be o(2). List the prime factors of -2 - (b - 20/(-5)).
2, 107
Let i be (-81)/(-12)*(-7952)/(-42). Suppose -4*y = -2*g + i, 412 = g - 3*y - 232. What are the prime factors of g?
17, 37
Let o(m) = m**2 - 4*m - 15. Let h be o(7). Suppose -11*v + h*v + 1770 = 0. What are the prime factors of v?
2, 3, 59
Let u = 39 + -34. Suppose -16 - 14 = -u*a. Suppose a*f + 118 = 8*f. What are the prime factors of f?
59
Suppose 3*j - d = 4675, -5*j + 3*d + 8609 - 820 = 0. Suppose 0 = -6*w + 349 + j. List the prime factors of w.
2, 3, 53
What are the prime factors of 19/(209/(-5522))*-1?
2, 251
Let w be 0/2 - 2148/6. Let v = -31 + 547. Let f = w + v. List the prime factors of f.
2, 79
Let n be (-76)/18 + (-16)/(-72) - -275. Suppose 3*i - n = 347. List the prime factors of i.
2, 103
Let b(f) = f**2 - f - 67. Let w be b(9). Suppose -q - s = -1716, -w*q + s + 8580 = 2*s. What are the prime factors of q?
2, 3, 11, 13
Let v = 1514 + -673. Suppose -v + 4771 = 15*o. What are the prime factors of o?
2, 131
Let o(f) = f**3 - 11*f**2 + 16*f - 57. Let x be o(10). Suppose -4*d + 56*n = 61*n - 6136, -12 = x*n. What are the prime factors of d?
3, 19
Let y(x) = 14*x**2 - 14*x - 65. Let c(h) = h**2 + 21*h + 98. Let a be c(-8). What are the prime factors of y(a)?
523
Suppose 60580 = 29*q - 9*q. Let x = q + -1971. What are the prime factors of x?
2, 23
Let h be 6 + -2 + (3 - (0 - -1)). List the prime factors of 610 + 1 - (h - (8 + -4)).
3, 7, 29
Suppose 5*q - 229 + 219 = 0. Suppose 4*h - 861 = -3*c, -h + q*c = -234 + 27. What are the prime factors of h?
3, 71
Suppose 0 = 3*r - 35 + 26. Suppose r = 3*y - 9. Suppose -2*g - 3*p - p + 170 = 0, 0 = -y*p + 8. What are the prime factors of g?
3
Suppose -4*k = 2*r + 106, -6 = 3*k + 6. Suppose -4*l + 15 = 27. What are the prime factors of (-960)/r*l/(-2)?
2
Suppose -3*m + x + 61 = 0, -3*m - 4*x + 73 = x. Let i(g) = 23 + m + 26 - 12 + 12*g. What are the prime factors of i(0)?
2, 29
Let i(a) = a**3 + 11*a**2 + 6*a - 2. Suppose 0 = -6*c - 38 + 2. Let z(q) = -q**3 - 4*q**2 + 13*q - 2. Let b be z(c). What are the prime factors of i(b)?
2, 71
Suppose 43 = 3*t + 25. Suppose n = -t*n - 112. List the prime factors of n/(-56) - 446/(-7).
2
Let p(v) = 1690*v + 3971. What are the prime factors of p(8)?
17491
Suppose 25888 = 5*x - 692. Suppose x = 8*m - 4444. List the prime factors of m.
2, 5, 61
List the prime factors of 2/(-23) + (-9675450)/(-3105).
2, 19, 41
Let d(n) = 397*n + 1622. What are the prime factors of d(5)?
3607
List the prime factors of 1 + 1104 - (5 - (-33)/11).
1097
Suppose 3*p - b - 551 = 4*b, -p - 3*b + 193 = 0. Suppose -6*j + 997 = p. List the prime factors of j.
3, 5
Let z(h) = 73*h**3 - 53*h**2 + 212*h - 18. What are the prime factors of z(5)?
2, 4421
What are the prime factors of -3*(0 - (-80)/6)*404639/(-964)?
2, 5, 23, 73
Let r(d) = -d**2 + 17*d + 6. Let s be r(5). Suppose c = -3*a + 1068 + s, 5*a - 1894 = -3*c. What are the prime factors of a?
13, 29
Let f(z) = 1379*z**2 - 8*z + 21. List the prime factors of f(2).
5521
Let c = 112457 - 54341. List the prime factors of c.
2, 3, 29, 167
Let a be 21/(-56) + ((-342)/16)/(-9). Let t = -5 - -3. What are the prime factors of (-7)/(t - -3 - a)?
7
Let s(l) = -l**3 - 2*l**2 - l + 23. Let x be s(0). Let k = x - -73. List the prime factors of k.
2, 3
Suppose -w + 6*w = 0, 10 = -5*m + 2*w. What are the prime factors of (7/2 + -4)/(m/140)?
5, 7
Let o = 36 - 32. Suppose -o*u + 2*n + 314 = 0, -3*n + 160 = 5*u - 205. Let q = u + -33. What are the prime factors of q?
43
Let r(d) = 12*d + 3. Let t be r(1). Suppose t*k - 13*k = 718. List the prime factors of k.
359
Let d be ((-20)/(-15))/(1 + 7/(-9)). Suppose -2*c - y = 162, 0 = -d*c + 2*c - 5*y - 336. Let h = c - -131. List the prime factors of h.
2, 13
Let j(l) = -13*l - 39. Let u be j(-3). List the prime factors of (u - -3) + 3/((-3)/(-56)).
59
Let j(m) = m**3 - 28*m**2 + 7. Let f be j(28). Suppose f*l - 4 = 3*l. What are the prime factors of l/(-4) + 724/16?
3, 5
List the prime factors of 45529 - 167 - (19 + -2).
3, 5, 3023
Let z(c) = 4*c**3 + c**2 + c - 1. Let l be z(1). Suppose r - 16 = l*r, 2*j - r = 738. What are the prime factors of j?
367
Let p be (-43 + 38)*(-12)/10. Let a = p - -568. List the prime factors of a.
2, 7, 41
Let t(p) = 3*p**2 - 17*p + 15. Let r be t(6). Let n be (1/2)/(r/924). Suppose -101 = -3*u + q, 4*u + 5*q = 100 + n. List the prime factors of u.
3, 11
Let y(t) = -40*t**3 - 6*t**2 + 63*t + 326. What are the prime factors of y(-5)?
4861
Suppose 29*d + b = 27*d + 8045, -d = 3*b - 4015. What are the prime factors of d?
2, 503
Suppose -10 = -5*r - 5. Let d be -9*r/(-6)*(3 + -1). Suppose 0*n + 285 = d*n. What are the prime factors of n?
5, 19
Let n = -7984 + 48585. What are the prime factors of n?
11, 3691
Suppose 